.
1035
What is the remainder when 3918912 is divided by 69?
57
Calculate the remainder when 20408557 is divided by 6802832.
61
Calculate the remainder when 2153 is divided by 1189.
964
Calculate the remainder when 9883448 is divided by 50.
48
What is the remainder when 4588357 is divided by 697?
6
Calculate the remainder when 7267419 is divided by 4716.
63
What is the remainder when 216706 is divided by 7?
0
Calculate the remainder when 81948 is divided by 1437.
39
What is the remainder when 274716 is divided by 1121?
71
What is the remainder when 62501 is divided by 229?
213
What is the remainder when 1733497 is divided by 77?
73
Calculate the remainder when 65694080 is divided by 4823.
4820
Calculate the remainder when 5301 is divided by 378.
9
What is the remainder when 2763600 is divided by 81282?
12
What is the remainder when 2596057 is divided by 5051?
4894
Calculate the remainder when 31279766 is divided by 155.
146
Calculate the remainder when 4557850 is divided by 4.
2
What is the remainder when 3174295 is divided by 244176?
7
What is the remainder when 184672 is divided by 2292?
1312
What is the remainder when 5711962 is divided by 35259?
4
What is the remainder when 12839621 is divided by 119?
116
Calculate the remainder when 1725588 is divided by 1494.
18
Calculate the remainder when 54159 is divided by 13512.
111
What is the remainder when 21212793 is divided by 10174?
3
Calculate the remainder when 51075 is divided by 7293.
24
What is the remainder when 27526139 is divided by 15352?
3
What is the remainder when 7328843 is divided by 10?
3
What is the remainder when 7784381 is divided by 518955?
56
Calculate the remainder when 786951 is divided by 1482.
9
Calculate the remainder when 544575 is divided by 1629.
489
Calculate the remainder when 17431317 is divided by 697252.
17
What is the remainder when 59139510 is divided by 1010?
980
What is the remainder when 130651797 is divided by 680?
677
What is the remainder when 10388 is divided by 10175?
213
What is the remainder when 20658089 is divided by 808?
761
Calculate the remainder when 55607 is divided by 2315.
47
What is the remainder when 21049267 is divided by 959?
176
Calculate the remainder when 3882348 is divided by 781.
778
What is the remainder when 2635920 is divided by 799?
19
What is the remainder when 20997593 is divided by 512136?
17
Calculate the remainder when 671642 is divided by 26815.
1267
Calculate the remainder when 97209 is divided by 3135.
24
What is the remainder when 4444346 is divided by 177773?
21
What is the remainder when 1129845 is divided by 2940?
885
Calculate the remainder when 1393757 is divided by 159.
122
What is the remainder when 7869621 is divided by 77916?
105
What is the remainder when 1277720 is divided by 1452?
1412
What is the remainder when 547198 is divided by 1057?
729
What is the remainder when 36514813 is divided by 3450?
13
What is the remainder when 36478391 is divided by 202?
19
Calculate the remainder when 35964301 is divided by 2766484.
9
What is the remainder when 6175661 is divided by 181635?
71
What is the remainder when 307331818 is divided by 10279?
10276
Calculate the remainder when 1998066 is divided by 129.
114
Calculate the remainder when 9761384 is divided by 294.
290
Calculate the remainder when 12994518 is divided by 1540.
1538
What is the remainder when 534552 is divided by 267231?
90
What is the remainder when 14559807 is divided by 1083?
1038
What is the remainder when 58291834 is divided by 42?
34
What is the remainder when 5363 is divided by 3663?
1700
Calculate the remainder when 168265723 is divided by 1536.
1531
Calculate the remainder when 2137426 is divided by 402.
394
Calculate the remainder when 44823 is divided by 7258.
1275
What is the remainder when 8597202 is divided by 109?
45
What is the remainder when 1647577 is divided by 274562?
205
Calculate the remainder when 41853823 is divided by 6975628.
55
What is the remainder when 3914326 is divided by 206017?
3
Calculate the remainder when 28468111 is divided by 299.
22
Calculate the remainder when 4494666 is divided by 65140.
6
Calculate the remainder when 523726 is divided by 47610.
16
What is the remainder when 380009 is divided by 82?
21
Calculate the remainder when 208311 is divided by 469.
75
What is the remainder when 40644002 is divided by 3694906?
36
Calculate the remainder when 640268159 is divided by 8.
7
Calculate the remainder when 77639 is divided by 2725.
1339
What is the remainder when 152204 is divided by 2766?
74
What is the remainder when 7393897 is divided by 67?
45
What is the remainder when 1727557 is divided by 63965?
502
What is the remainder when 5034535 is divided by 114?
67
What is the remainder when 421140 is divided by 297?
291
What is the remainder when 4504466 is divided by 2252223?
20
Calculate the remainder when 1689789 is divided by 1036.
73
What is the remainder when 732159 is divided by 13558?
27
Calculate the remainder when 2418224 is divided by 403005.
194
What is the remainder when 2206865 is divided by 367808?
17
What is the remainder when 4146925 is divided by 96440?
5
What is the remainder when 26044281 is divided by 3893?
111
What is the remainder when 5055039 is divided by 18862?
23
Calculate the remainder when 1717392 is divided by 2011.
2009
Calculate the remainder when 443345 is divided by 435.
80
What is the remainder when 14888488 is divided by 141?
16
What is the remainder when 860 is divided by 289?
282
What is the remainder when 6458400 is divided by 927?
918
What is the remainder when 35172378 is divided by 395?
393
What is the remainder when 16423699 is divided by 466?
461
What is the remainder when 164029 is divided by 54615?
184
Calculate the remainder when 2813923 is divided by 937973.
4
Calculate the remainder when 724493 is divided by 1943.
1697
What is the remainder when 80355 is divided by 570?
555
Calculate the remainder when 19037963 is divided by 75.
38
What is the remainder when 1983654 is divided by 1334?
1330
Calculate the remainder when 1070183 is divided by 649.
631
What is the remainder when 217312630 is divided by 217312610?
20
Calculate the remainder when 2077623 is divided by 6493.
6356
Calculate the remainder when 25841 is divided by 1433.
47
What is the remainder when 5560020 is divided by 6503?
6458
What is the remainder when 16321251 is divided by 8160606?
39
What is the remainder when 1372448 is divided by 52785?
38
What is the remainder when 150680478 is divided by 141484?
18
Calculate the remainder when 248272385 is divided by 3417.
3416
What is the remainder when 96953 is divided by 833?
325
Calculate the remainder when 77370094 is divided by 77370090.
4
What is the remainder when 142333 is divided by 21?
16
Calculate the remainder when 3737 is divided by 926.
33
Calculate the remainder when 20285635 is divided by 81.
76
Calculate the remainder when 61231 is divided by 14599.
2835
Calculate the remainder when 927421 is divided by 43.
40
What is the remainder when 1038994 is divided by 858?
814
Calculate the remainder when 2574773 is divided by 160923.
5
What is the remainder when 37658671 is divided by 75?
46
Calculate the remainder when 386770 is divided by 11375.
20
What is the remainder when 15949 is divided by 808?
597
Calculate the remainder when 2465835 is divided by 927.
15
Calculate the remainder when 10224145 is divided by 486864.
1
Calculate the remainder when 41114 is divided by 559.
307
What is the remainder when 11437055 is divided by 1422?
1331
What is the remainder when 3624055 is divided by 21070?
15
What is the remainder when 20216 is divided by 18611?
1605
Calculate the remainder when 10066825 is divided by 21.
13
What is the remainder when 24432637 is divided by 479070?
67
Calculate the remainder when 324494 is divided by 338.
14
Calculate the remainder when 7923497 is divided by 3867.
14
What is the remainder when 313518 is divided by 6810?
258
What is the remainder when 85813397 is divided by 261?
251
What is the remainder when 12090502 is divided by 1511310?
22
What is the remainder when 605185 is divided by 58?
13
Calculate the remainder when 382240 is divided by 121.
1
What is the remainder when 492456127 is divided by 13?
7
Calculate the remain